674891755 a composite number?
True
Is 3760751971 a prime number?
True
Is 121059997 prime?
True
Is 9625242463 a prime number?
True
Is 26408843297 a composite number?
False
Is 2160885403 composite?
False
Is 1542484091 composite?
False
Is 3133906957 a prime number?
False
Is 21254917 composite?
True
Is 10700545897 composite?
True
Is 21628108669 composite?
False
Is 858373261 composite?
False
Is 7246143283 a composite number?
False
Is 645129421 composite?
False
Is 5082641741 composite?
True
Is 33044150083 prime?
False
Is 17288297269 a composite number?
True
Is 46141391893 composite?
False
Is 113415853 a prime number?
True
Is 332378119 a prime number?
False
Is 329503477 a composite number?
False
Is 17788176577 a prime number?
True
Is 19769285161 prime?
False
Is 818188901 prime?
True
Is 148611767 a prime number?
True
Is 44966731 a composite number?
False
Is 544302571 a prime number?
True
Is 99447869 a composite number?
False
Is 561291019 a prime number?
False
Is 67950713459 prime?
True
Is 13809029983 a prime number?
False
Is 2609218979 a prime number?
True
Is 1610677759 a prime number?
False
Is 578266223 composite?
True
Is 28990318633 a composite number?
False
Is 102877731967 prime?
True
Is 64891933 a prime number?
False
Is 826088389 a composite number?
True
Is 1415455031 prime?
True
Is 2620547201 composite?
False
Is 35715416447 a composite number?
False
Is 2491577131 composite?
False
Is 1731050933 a composite number?
False
Is 228339889 a composite number?
True
Is 7677685781 a prime number?
True
Is 3044138281 composite?
False
Is 135618359 prime?
False
Is 37051858661 a composite number?
False
Is 798342263 a prime number?
False
Is 157998663107 prime?
True
Is 1998932989 composite?
True
Is 2829432898 composite?
True
Is 7227770687 a prime number?
False
Is 3218913247 prime?
False
Is 8217991541 composite?
False
Is 895218802 a composite number?
True
Is 10272793397 a prime number?
False
Is 10336847177 a composite number?
False
Is 5736721951 a composite number?
True
Is 30245526331 a composite number?
True
Is 342611177 prime?
True
Is 368718889115 a prime number?
False
Is 681900013 a composite number?
False
Is 480302981 a prime number?
True
Is 1504119299 prime?
True
Is 823420703 prime?
False
Is 3545962699 a composite number?
True
Is 5933964643 prime?
False
Is 60939953 a prime number?
False
Is 282809731 a prime number?
True
Is 1964987629 prime?
False
Is 59190010783 a composite number?
True
Is 3832478407 a prime number?
True
Is 4699002983 prime?
True
Is 121930808669 prime?
True
Is 33919641827 composite?
True
Is 639314326711 a composite number?
False
Is 668055031 a prime number?
False
Is 59851049491 composite?
False
Is 3731173489 a prime number?
False
Is 3535674386 a composite number?
True
Is 1057262803 a prime number?
True
Is 1641844393 a prime number?
False
Is 8063186519 prime?
True
Is 2791769326 a composite number?
True
Is 61663675721 composite?
True
Is 12709741 composite?
True
Is 49243600807 prime?
True
Is 198896287 prime?
False
Is 34509185791 a composite number?
False
Is 563475401 a prime number?
False
Is 1817441501 a prime number?
False
Is 385128889631 composite?
True
Is 3069750569 composite?
False
Is 1031972159 a composite number?
True
Is 3614421403 prime?
True
Is 169200839 composite?
True
Is 1942947371 prime?
True
Is 3401712551 a prime number?
True
Is 419207839 a composite number?
False
Is 32924438707 prime?
True
Is 7227764899 a composite number?
False
Is 837935533 a prime number?
False
Is 19093065727 a composite number?
True
Is 27074035249 a composite number?
False
Is 57467368159 a prime number?
False
Is 1559308631 a prime number?
False
Is 177321403529 prime?
False
Is 137746753 composite?
False
Is 829121 a composite number?
False
Is 3535670338 prime?
False
Is 94084913311 prime?
False
Is 711863203 a composite number?
True
Is 8938213939 composite?
False
Is 2143125419 composite?
False
Is 4084789003 a composite number?
False
Is 33392101339 prime?
False
Is 3361294171 a prime number?
True
Is 2904703189 a prime number?
False
Is 8296585889 a prime number?
True
Is 787394239 composite?
False
Is 5918325799 a prime number?
False
Is 8637492119 prime?
True
Is 11251898951 prime?
False
Is 1904110513 composite?
False
Is 8928404447 a composite number?
False
Is 662062327 composite?
False
Is 448519189 prime?
True
Is 420362869 a composite number?
False
Is 10681376491 a composite number?
False
Is 292231691 composite?
True
Is 5508041971 prime?
True
Is 344694097 composite?
True
Is 2219422633 composite?
True
Is 6556635835 prime?
False
Is 445590857 a composite number?
True
Is 14825382419 a composite number?
False
Is 1563948563 a prime number?
True
Is 1912389883 composite?
False
Is 1685644133 composite?
False
Is 12574304807 composite?
True
Is 400976617 a prime number?
True
Is 316109243 composite?
False
Is 4879647985 prime?
False
Is 1266255391 composite?
True
Is 1731464753 a composite number?
False
Is 5631277555 a composite number?
True
Is 34980734171 a composite number?
True
Is 265480573 a prime number?
False
Is 11444594719 a composite number?
True
Is 66567294593 a composite number?
True
Is 28707287563 prime?
True
Is 95967153899 a prime number?
False
Is 24411715103 a composite number?
False
Is 19898355571 prime?
True
Is 36596244677 a composite number?
True
Is 84677233913 a composite number?
True
Is 12612680117 a composite number?
False
Is 95665315353 a composite number?
True
Is 2091189731 composite?
True
Is 7190858453 composite?
False
Is 3766389739 a composite number?
True
Is 1525811171 composite?
True
Is 20629915181 a prime number?
True
Is 66133796591 a prime number?
False
Is 349041337 prime?
True
Is 10721416291 prime?
True
Is 22753286977 composite?
False
Is 1749978403 a composite number?
False
Is 23990429651 composite?
True
Is 1221425423 prime?
True
Is 32222687227 a prime number?
True
Is 125116081 prime?
False
Is 33185123123 prime?
True
Is 25002433 prime?
True
Is 125865521 composite?
True
Is 53129717 a composite number?
False
Is 131819431493 prime?
True
Is 202850139677 prime?
True
Is 43867588043 composite?
False
Is 45843947 a composite number?
True
Is 48973744103 prime?
True
Is 3163939055 prime?
False
Is 614266031 a composite number?
False
Is 1360659161 composite?
True
Is 5464915007 composite?
True
Is 2149400335 a prime number?
False
Is 12260208559 composite?
False
Is 9697418 a composite number?
True
Is 15502996427 a prime number?
True
Is 141565744109 prime?
False
Is 9586897301 prime?
True
Is 97202442949 a composite number?
True
Is 4082533513 a composite number?
False
Is 7010578459 a composite number?
False
Is 2076373811 a composite number?
False
Is 2599015857 a composite number?
True
Is 14667260689 a composite number?
True
Is 1117392979 a composite number?
True
Is 4139588057 composite?
True
Is 2064869111 a prime number?
False
Is 26981195041 composite?
False
Is 99660572803 a prime number?
False
Is 163334783 prime?
True
Is 69792071053 composite?
True
Is 3459823097 a composite number?
True
Is 54192319 a composite number?
False
Is 388038886 prime?
False
Is 435905241 prime?
False
Is 1552165661 a prime number?
True
Is 455738909 prime?
True
Is 2944543033 a prime number?
True
Is 204050417 a composite number?
False
Is 10573930391 a prime number?
True
Is 156138131 a composite number?
True
Is 40567656653 prime?
True
Is 12939978517 a composite number?
False
Is 1128160733 composite?
True
Is 1859274163 a composite number?
True
Is 374034239 a composite number?
True
Is 671690011 prime?
True
Is 8271626477 a prime number?
True
Is 5000563277 a prime number?
False
Is 522935579 prime?
True
Is 1186058141 prime?
True
Is 2415092687 prime?
False
Is 3474417741 prime?
False
Is 2306023963 a prime number?
False
Is 563222159 a prime number?
False
Is 1593959849 a prime number?
True
Is 3050510369 composite?
False
Is 8882263967 prime?
True
Is 739220281 prime?
True
Is 2633866633 prime?
False
Is 81293027 prime?
False
Is 350195473 a prime number?
False
Is 247043341 prime?
False
Is 373176049 a composite number?
False
Is 103699755293 composite?
True
Is 558166957 composite?
True
Is 4971745873 a prime number?
True
Is 35270570923 composite?
True
Is 2542301591 a composite number?
False
Is 43016652113 a composite number?
False
Is 14483261339 composite?
True
Is 20887911047 composite?
False
Is 14915756717 composite?
Fal